12
In base 15, what is 5 - -d3?
d8
In base 9, what is 4 + -116?
-112
In base 13, what is -8 - -a36?
a2b
In base 9, what is -5782 + -1?
-5783
In base 3, what is -210 + -1001222?
-1002202
In base 8, what is 2 + 525?
527
In base 12, what is 1 - -1b?
20
In base 6, what is -311 + -10?
-321
In base 10, what is -4 + 9267?
9263
In base 4, what is 1002030 - 10?
1002020
In base 4, what is -13 - -112010?
111331
In base 4, what is -1 - 102322?
-102323
In base 10, what is 758 - 2?
756
In base 4, what is -11 + 10100?
10023
In base 8, what is -15 - -44?
27
In base 3, what is -10 - 201020?
-201100
In base 14, what is 6 + -364?
-35c
In base 5, what is -23 + 322?
244
In base 9, what is -22573 - 1?
-22574
In base 6, what is -112 + -15?
-131
In base 7, what is 51 - -136?
220
In base 12, what is -16 - 315?
-32b
In base 13, what is 8 - 637?
-62c
In base 4, what is -2333113 + -1?
-2333120
In base 2, what is -1000 - 10001?
-11001
In base 6, what is -101303 + -1?
-101304
In base 6, what is 21 + -21?
0
In base 14, what is -4271 + -2?
-4273
In base 9, what is -2 - -113?
111
In base 11, what is -25a13 + -2?
-25a15
In base 7, what is 5 - 5562?
-5554
In base 9, what is -13262 - 4?
-13266
In base 15, what is 1a + -cb?
-b1
In base 12, what is -6 + -38a?
-394
In base 5, what is 121 - -2?
123
In base 13, what is -2 - -50?
4b
In base 9, what is 21 - -4?
25
In base 4, what is -202330 + -11?
-203001
In base 4, what is -1233 + 1213?
-20
In base 2, what is 11 - 1001110?
-1001011
In base 9, what is -3 - 1582?
-1585
In base 13, what is -3 - -64?
61
In base 9, what is -1 - -105?
104
In base 13, what is -6 - 18?
-21
In base 3, what is 10 + 22212120?
22212200
In base 5, what is -11 + 1010?
444
In base 8, what is 103 - -2?
105
In base 7, what is 1114 - 2?
1112
In base 11, what is -3 - 60?
-63
In base 4, what is -2102 + -1?
-2103
In base 3, what is 20 + 1?
21
In base 14, what is -379 + 1?
-378
In base 4, what is -130 - 1001?
-1131
In base 8, what is -4 + 4626?
4622
In base 3, what is -102110 - -2?
-102101
In base 4, what is -313 - 23?
-1002
In base 3, what is -20 - 2112?
-2202
In base 16, what is -2 + 1b?
19
In base 11, what is 647 + 0?
647
In base 4, what is -11 + -120?
-131
In base 5, what is 0 - 40340?
-40340
In base 7, what is -1350 + -5?
-1355
In base 15, what is 2b9 - 0?
2b9
In base 11, what is 3012 + 4?
3016
In base 6, what is -123 - -10?
-113
In base 10, what is 2 - 265?
-263
In base 8, what is 340 + -2?
336
In base 9, what is 114 - 7?
106
In base 2, what is -100 - 100011001?
-100011101
In base 2, what is -11100 + 111101?
100001
In base 3, what is 120 + 202?
1022
In base 3, what is 102 - -111?
220
In base 10, what is -4 + 465?
461
In base 13, what is 31 + c?
40
In base 9, what is 182 - 30?
152
In base 15, what is 5 + 151e?
1524
In base 10, what is 1 - 665?
-664
In base 8, what is 11 - 160?
-147
In base 13, what is -1 + -5?
-6
In base 8, what is 3 + 547?
552
In base 3, what is -1 + -1021101?
-1021102
In base 5, what is -2144 + 4?
-2140
In base 9, what is -5 + 4?
-1
In base 11, what is -167 - 8?
-174
In base 16, what is 39 - -2?
3b
In base 11, what is 2261 - 4?
2258
In base 12, what is -251 + 5?
-248
In base 8, what is 24 + -320?
-274
In base 2, what is 11100 - -11000111?
11100011
In base 12, what is -4 + a2b?
a27
In base 5, what is -1342 - 3?
-1400
In base 9, what is -1081 + 3?
-1077
In base 10, what is 3 - -29?
32
In base 7, what is -164 + -4?
-201
In base 12, what is -17 - 6?
-21
In base 4, what is 3020 + -11?
3003
In base 5, what is 3 + -33042?
-33034
In base 11, what is -3 + -225?
-228
In base 7, what is 4 + -1132?
-1125
In base 6, what is 33 - 45?
-12
In base 13, what is -5 - -c6?
c1
In base 11, what is -13a09 + 3?
-13a06
In base 4, what is 21 - 10322?
-10301
In base 2, what is 11 + 11001?
11100
In base 12, what is -6 - -76?
70
In base 3, what is -10210 + 10?
-10200
In base 15, what is bc6 - 5?
bc1
In base 7, what is 20562 - -2?
20564
In base 3, what is 1 + 20022011?
20022012
In base 8, what is 17751 - -5?
17756
In base 8, what is 402 + -51?
331
In base 7, what is 0 + -222?
-222
In base 9, what is -11 - -664?
653
In base 8, what is 2253 - 3?
2250
In base 16, what is -3 - 13?
-16
In base 14, what is 4 - -8b?
91
In base 13, what is -5 + -24aa?
-24b2
In base 11, what is -304 + 5?
-2aa
In base 5, what is 14 + -1?
13
In base 10, what is 4 - -6?
10
In base 9, what is -14 - 336?
-351
In base 7, what is -102 - -10?
-62
In base 7, what is -4433 + 2?
-4431
In base 15, what is 4 - 153?
-14e
In base 6, what is -43 + -1?
-44
In base 8, what is 2 + -1172?
-1170
In base 10, what is 19 + 20?
39
In base 3, what is 100 - -11?
111
In base 2, what is -1011 - -1010?
-1
In base 11, what is -25 - 26?
-50
In base 5, what is 12 - 100?
-33
In base 14, what is 37 + 9?
42
In base 4, what is 2012 + -1?
2011
In base 13, what is -37 - 0?
-37
In base 13, what is -35 + -27?
-5c
In base 8, what is 5 - 16?
-11
In base 11, what is 118 + -5?
113
In base 8, what is -156447 + 4?
-156443
In base 4, what is 1 + -2133?
-2132
In base 12, what is 2 + 374?
376
In base 13, what is 9 - 1aa?
-1a1
In base 14, what is 1a40 + -3?
1a3b
In base 8, what is 6 + -4?
2
In base 11, what is 737 - -2?
739
In base 2, what is -11110 + 1?
-11101
In base 8, what is 25 - -13?
40
In base 7, what is -1 - -243?
242
In base 2, what is -1 - 10000?
-10001
In base 16, what is b2 - 0?
b2
In base 11, what is 57 + -15?
42
In base 16, what is 2e8 + 1?
2e9
In base 11, what is 78 + 56?
123
In base 2, what is -111110000 - 10101?
-1000000101
In base 2, what is -11 - -10?
-1
In base 7, what is -311 + -1?
-312
In base 14, what is 3b + -9?
32
In base 15, what is -11 + 6?
-a
In base 5, what is 1041 + -2?
1034
In base 4, what is 11 + 23?
100
In base 11, what is -4 - -51?
48
In base 11, what is -180 + 2?
-179
In base 16, what is 0 + -3c7?
-3c7
In base 14, what is -55 - -c?
-47
In base 14, what is -5 - -103?
dc
In base 11, what is -100 + 7?
-a4
In base 12, what is -a5 - -4?
-a1
In base 11, what is 5 - 677?
-672
In base 3, what is -100100 - 12?
-100112
In base 14, what is 3 + -37?
-34
In base 11, what is -36a + 3?
-367
In base 16, what is 6 - 9?
-3
In base 10, what is 5 + -79?
-74
In base 8, what is -17 + 115?
76
In base 2, what is -101 - -101011000?
101010011
In base 2, what is -100 + 10110000101?
10110000001
In base 16, what is -1 - 34?
-35
In base 10, what is 3756 - 1?
3755
In base 7, what is 222 - -15?
240
In base 16, what is 8 - 1?
7
In base 7, what is 5 + -31645?
-31640
In base 11, what is 14 - -26?
3a
In base 6, what is -2 - 125?
-131
In base 13, what is 12 + a?
1c
In base 6, what is -32 - -30?
-2
In base 16, what is -118 + c?
-10c
In base 5, what is 10 + -44?
-34
In base 2, what is -1 - -100001010011?
100001010010
In base 14, what is 4 - 96?
-92
In base 5, what is 0 - -201?
201
In base 16, what is 5 + c?
11
In base 3, what is 212000 + 11?
212011
In base 10, what is -7 - 14?
-21
In base 15, what is -6 + 45c?
456
In base 10, what is 1 + 103?
104
In base 14, what is -4c - -3?
-49
In base 10, what is -11 + -19?
-30
In base 8, what is -2630 + 3?
-2625
In base 10, what is -28025 + -1?
-28026
In base 11, what is 3914 - 0?
3914
In base 14, what is -c - -9?
-3
In base 7, what is -2 + -2136?
-2141
In base 4, what is -11 + -3221?
-3232
In base 11, what is -231 - 0?
-231
In base 8, what is 7 + -200?
-171
In base 12, what is 0 - 39?
-39
In base 4, what is 3 + 1103?
1112
In base 7, what is 23 + 50?
103
In base 6, what is 101 + 1?
102
In base 13, what is 1b + -10?
b
In base 8, what is -7 + -12?
-21
In base 6, what is -33 - 20?
-53
In base 7, what is 1122 - -12?
1134
In base 15, what is -145 + -5?
-14a
In base 5, what is -4 - -1213?
1204
In base 3, what is 20011 - -20?
20101
In base 8, what is -464 - -107?
-355
In base 4, what is -230 + 0?
-230
In base 6, what is 221 - -201?
422
In base 14, what is 4 - -35b4?
35b8
In base 7, what is 4 - 10322?
-10315
In base 5, what is -30 - 13?
-43
In base 15, what is 2a - 41?
-16
In base 2, what is 11011 - -11?
11110
In base 6, what is 144 - 0?
144
In base 10, what is -2 - 2736?
-2738
In base 2, what is -101 - -1000?
11
In base 10, what is 2 - -77?
79
In base 15, what is 31 - -5?
36
In base 16, what is -244 + -1?
-245
In base 6, what is 32 + -2?
30
In base 9, what is -11 - 128?
-140
In base 16, what is -7a - -6?
-74
In base 9, wha